 3113?
30034
In base 11, what is 15a1a4 - 154?
15a050
In base 3, what is 211 + -102221212120010?
-102221212112022
In base 5, what is -2 - -310243432?
310243430
In base 16, what is f13 - 37d0?
-28bd
In base 3, what is -102200010110 + 1210212?
-102121022121
In base 14, what is -8b + 243032?
242d85
In base 11, what is 2 - 73a7908?
-73a7906
In base 8, what is -270 - -4431?
4141
In base 4, what is 20 + -20201303112?
-20201303032
In base 10, what is 1142 - 121432?
-120290
In base 2, what is 1000001000000101101000 + -100?
1000001000000101100100
In base 13, what is 367bc + -89?
36733
In base 4, what is -1020003 - -133032?
-220311
In base 8, what is -1335 + -17577?
-21134
In base 9, what is -278815 + -474?
-280400
In base 14, what is bb62b1 - 4?
bb62ab
In base 16, what is c05 + 79b9?
85be
In base 10, what is -4300 - 20723?
-25023
In base 13, what is -25868 - -1416?
-24452
In base 12, what is -5 + 8b66936?
8b66931
In base 6, what is 20453 - -43044?
103541
In base 7, what is 23 - 2454253?
-2454230
In base 12, what is -2 - 70a434?
-70a436
In base 2, what is 10001001101010110 - -1010010010?
10001010111101000
In base 9, what is 4 + 132368226?
132368231
In base 4, what is -1121333 - 2302332?
-10030331
In base 8, what is 4 - -143173526?
143173532
In base 7, what is -5 + -535306041?
-535306046
In base 4, what is -2 - 1032111122?
-1032111130
In base 15, what is -b89765 + 4?
-b89761
In base 10, what is -2808658223 + 4?
-2808658219
In base 4, what is 3 - -2033231213?
2033231222
In base 2, what is -110011100100101 - -10001000111?
-110001011011110
In base 10, what is -1421 - -6525?
5104
In base 2, what is 101 - 110000011010000101010011010?
-110000011010000101010010101
In base 8, what is 1 + 705124077?
705124100
In base 10, what is -1036375 - 13?
-1036388
In base 10, what is 3 - -25424674?
25424677
In base 4, what is 1202322013122 - -101?
1202322013223
In base 3, what is 0 + -1011110202112221?
-1011110202112221
In base 10, what is 175329 - 192?
175137
In base 5, what is -13242 - -221223?
202431
In base 5, what is 143433 + -4242?
134141
In base 3, what is 1 - 112202211011210200?
-112202211011210122
In base 5, what is 40 - -13440420?
13441010
In base 15, what is -e + -3c1e4?
-3c203
In base 15, what is -13061654 - 3?
-13061657
In base 15, what is -3 + 66759c?
667599
In base 5, what is 14434434143 - -42?
14434434240
In base 15, what is 2 - 20b3ae7?
-20b3ae5
In base 12, what is 1 - -3749449?
374944a
In base 16, what is -d02190 - 0?
-d02190
In base 14, what is 11b2 + 1075?
2247
In base 2, what is -10000001011101110011011110100 + -1?
-10000001011101110011011110101
In base 16, what is a5 - -e280?
e325
In base 5, what is -241032 + 112214?
-123313
In base 2, what is -10011101100110010 - 110100100101?
-10100100001010111
In base 15, what is -b35673 - -4?
-b3566e
In base 14, what is -3 - -189c1592?
189c158d
In base 11, what is -8 + 13166?
13159
In base 9, what is 1445 + 428255?
430711
In base 8, what is 105502 - -773?
106475
In base 11, what is -155a22 - 90?
-156002
In base 3, what is 0 - -1012120011122012?
1012120011122012
In base 10, what is 8 - -744241?
744249
In base 14, what is -b40 - -14413?
136b3
In base 7, what is -10352416 + -1160?
-10353606
In base 5, what is -1402021412 - 2?
-1402021414
In base 16, what is -6d - -1b1ea2?
1b1e35
In base 11, what is 397199528 + -3?
397199525
In base 10, what is -766678 + -143?
-766821
In base 13, what is -10 - 1012ca68?
-1012ca78
In base 2, what is 11 + -11101110010101000011110011?
-11101110010101000011110000
In base 3, what is 1222121121121 - -2100?
1222121200221
In base 5, what is 3030322323333 - 2?
3030322323331
In base 13, what is 9 + -64787b?
-647872
In base 7, what is -601123 - 11513?
-612636
In base 3, what is 1221122212020221122 - 2?
1221122212020221120
In base 5, what is -34041330040 + 2?
-34041330033
In base 5, what is -122 - 22211042?
-22211214
In base 3, what is 12111220221220 + 1222?
12111221000212
In base 6, what is -1021144 + 315?
-1020425
In base 16, what is -3b5 + 1136?
d81
In base 7, what is -102454350 + 52?
-102454265
In base 9, what is -2612300 - -4?
-2612285
In base 15, what is -2880 - 12ad?
-3b3d
In base 9, what is 10 - -6211063?
6211073
In base 2, what is -10001010000001100 - 0?
-10001010000001100
In base 13, what is 474a067 - 3?
474a064
In base 15, what is 428cc6 + -1?
428cc5
In base 2, what is -10 - -1000010101100100011011100101?
1000010101100100011011100011
In base 15, what is 1 + -20b0aa7?
-20b0aa6
In base 9, what is 204 - -1450010?
1450214
In base 16, what is 1cb652 + 1?
1cb653
In base 2, what is -101110101010011101 + 11100010?
-101110100110111011
In base 2, what is -1001 - -10001011010111111001011?
10001011010111111000010
In base 2, what is 10011110000011100011 - -101100?
10011110000100001111
In base 15, what is c0 - -18a99?
18b69
In base 9, what is 227 + -206820?
-206582
In base 15, what is -76c2e - -19?
-76c15
In base 15, what is d - -e2?
100
In base 6, what is -45012 + -1130041?
-1215053
In base 6, what is 12233024252 - 1?
12233024251
In base 15, what is dbecb2b - -2?
dbecb2d
In base 10, what is 235758 - -389?
236147
In base 10, what is -24 + -661367?
-661391
In base 10, what is -31 + -52997?
-53028
In base 3, what is -101002200 + -2102211?
-110112111
In base 10, what is 44576 + 3667?
48243
In base 11, what is -30828 - -357?
-30481
In base 11, what is 2 - 17358361?
-1735835a
In base 4, what is 220222 + -1212222?
-332000
In base 4, what is -1131212213 - 101?
-1131212320
In base 4, what is -213 + 22320312?
22320033
In base 16, what is 22fe + -b2d?
17d1
In base 15, what is 97b65 + e5?
97c5a
In base 7, what is -25340203303 + 2?
-25340203301
In base 9, what is 2 - 3284256?
-3284254
In base 2, what is 10010110010010 + -101100101010010?
-11001111000000
In base 5, what is -20041420014 - 3?
-20041420022
In base 8, what is 1 + -115710236?
-115710235
In base 4, what is 12 - 332132121122?
-332132121110
In base 11, what is 47 - 541aa?
-54163
In base 10, what is -48641840 - 11?
-48641851
In base 12, what is -49b0457 + 3?
-49b0454
In base 13, what is 5 - 1405bb19?
-1405bb14
In base 8, what is -1 - 27005061?
-27005062
In base 12, what is 65529 + -119?
65410
In base 14, what is -171a9 - -34a?
-16c5d
In base 10, what is -8730 - 30888?
-39618
In base 2, what is 1111000101101000 + 11000010001011?
10010000111110011
In base 16, what is 454 + -a3?
3b1
In base 16, what is 1 + -2dcf907?
-2dcf906
In base 14, what is 247d06 - -1?
247d07
In base 12, what is 3 + 5886942?
5886945
In base 5, what is -143234 - 223330?
-422114
In base 12, what is -10875 - 1567?
-12220
In base 9, what is 4 + 44538117?
44538122
In base 7, what is -1110642023 - -12?
-1110642011
In base 4, what is -3011112 - -132222?
-2212230
In base 12, what is -7 - -2689a3?
268998
In base 5, what is -4 + 341300203?
341300144
In base 14, what is bd7d806 - 2?
bd7d804
In base 3, what is -11210210 + -1002?
-11211212
In base 8, what is 31730420 - -5?
31730425
In base 11, what is -2a5 - -2897?
25a2
In base 14, what is -bd - 2a06d1?
-2a07b0
In base 16, what is -9ca3a - 7?
-9ca41
In base 3, what is -11122001212100 - 112?
-11122001212212
In base 6, what is 1211 + -303251?
-302040
In base 6, what is 102520042 - -43?
102520125
In base 7, what is 12 + -101264035?
-101264023
In base 6, what is -20134 - -4051410?
4031232
In base 2, what is 1111000001000 - 111001101111?
111110011001
In base 13, what is 2 + aa3b23?
aa3b25
In base 5, what is -10 - -14121401344?
14121401334
In base 12, what is 77a397 - -3b?
77a416
In base 10, what is 1 - 1365932?
-1365931
In base 6, what is -251440 + -1451?
-253331
In base 8, what is -4 + 55246071?
55246065
In base 12, what is -9 - 12aa51?
-12aa5a
In base 15, what is -10937 - 2e1?
-10c28
In base 11, what is -210 - -23840?
23630
In base 8, what is 53701 + -24577?
27102
In base 14, what is -10104a - 1?
-10104b
In base 4, what is 100123 + 202221132?
202321321
In base 2, what is 1000 + -111111010110001101001110111?
-111111010110001101001101111
In base 7, what is 1126 - -30035224?
30036353
In base 4, what is -300130010311 + 2?
-300130010303
In base 11, what is -3a - 543907?
-543946
In base 7, what is -4234 + 16525?
12261
In base 16, what is 1b + -1c1faf?
-1c1f94
In base 14, what is 3 + 2a31620?
2a31623
In base 11, what is -77603 + 418?
-77196
In base 16, wh